{"id":88,"date":"2019-09-04T11:23:44","date_gmt":"2019-09-04T09:23:44","guid":{"rendered":"http:\/\/demo.architekten-jwr.de\/?page_id=88"},"modified":"2019-09-04T11:33:43","modified_gmt":"2019-09-04T09:33:43","slug":"klaus-winkelmann","status":"publish","type":"page","link":"https:\/\/www.architekten-jwr.de\/?page_id=88","title":{"rendered":"Klaus Winkelmann"},"content":{"rendered":"\n<p><strong>1948<\/strong><\/p>\n\n\n\n<p>geboren in Castrop-Rauxel<\/p>\n\n\n\n<p><strong>1964 &#8211; 1967<\/strong><\/p>\n\n\n\n<p>Ausbildung zum Bauzeichner, Architekturb\u00fcro Baersch,\nDortmund<\/p>\n\n\n\n<p><strong>1967 &#8211; 1973<\/strong><\/p>\n\n\n\n<p>Architekturstudium Werkkunstschule\/<\/p>\n\n\n\n<p>FH Dortmund<\/p>\n\n\n\n<p>Absschluss: Ing. grad.<\/p>\n\n\n\n<p><strong>1971 &#8211; 1973<\/strong><\/p>\n\n\n\n<p>Freier Mitarbeiter, Architekturb\u00fcr Zschoch<\/p>\n\n\n\n<p><strong>1973 &#8211; 1975<\/strong><\/p>\n\n\n\n<p>Anstellung, Architekturb\u00fcr Zschoch<\/p>\n\n\n\n<p><strong>1975 &#8211; 1978<\/strong><\/p>\n\n\n\n<p>Freier Mitarbeiter, Architekturb\u00fcro Zschoch und\nNachbarschulte<\/p>\n\n\n\n<p><strong>1975 &#8211; 1979<\/strong><\/p>\n\n\n\n<p>Architektur- und St\u00e4dtebaustudium TU Berlin<\/p>\n\n\n\n<p>Abschluss: Dipl.Ing.<\/p>\n\n\n\n<p><strong>1978<\/strong><\/p>\n\n\n\n<p>Gr\u00fcndung des B\u00fcros f\u00fcr Architektur und Stadtplanung Jarzina\n+ Winkelmann GbR<\/p>\n\n\n\n<p><strong>1978<\/strong><\/p>\n\n\n\n<p>Eintragung in die Architektenliste NRW<\/p>\n\n\n\n<p>1<strong>978 &#8211; 1991<\/strong><\/p>\n\n\n\n<p>B\u00fcro Am Markt Castrop-Rauxel<\/p>\n\n\n\n<p><strong>1991 &#8211;<\/strong><\/p>\n\n\n\n<p>B\u00fcro Viktoriastra\u00dfe 6, Castrop-Rauxel<\/p>\n\n\n\n<p><strong>1995 &#8211; <\/strong><\/p>\n\n\n\n<p>Mitglied Gutachterausschuss f\u00fcr Grundst\u00fcckswerte<\/p>\n\n\n\n<p><strong>1996<\/strong><\/p>\n\n\n\n<p>Eintragung in die Stadtplanerliste NRW<\/p>\n\n\n\n<p><strong>2003 &#8211; 2009<\/strong><\/p>\n\n\n\n<p>Vorstandsmitglied Altstadtmarketing \/ ISG Castrop-Rauxel als\nst\u00e4dtebaulicher Berater<\/p>\n","protected":false},"excerpt":{"rendered":"<p class=\"qua-blog-post-description\">1948 geboren in Castrop-Rauxel 1964 &#8211; 1967 Ausbildung zum Bauzeichner, Architekturb\u00fcro Baersch, Dortmund 1967 &#8211; 1973 Architekturstudium Werkkunstschule\/ FH Dortmund Absschluss: Ing. grad. 1971 &#8211; 1973 Freier Mitarbeiter, Architekturb\u00fcr Zschoch 1973 &#8211; 1975 Anstellung, Architekturb\u00fcr Zschoch 1975 &#8211; 1978 Freier Mitarbeiter, Architekturb\u00fcro Zschoch und Nachbarschulte 1975 &#8211; 1979 Architektur- und St\u00e4dtebaustudium TU Berlin Abschluss: Dipl.Ing. [&hellip;]<\/p>\n","protected":false},"author":1,"featured_media":0,"parent":0,"menu_order":0,"comment_status":"closed","ping_status":"closed","template":"","meta":{"footnotes":""},"class_list":["post-88","page","type-page","status-publish","hentry"],"_links":{"self":[{"href":"https:\/\/www.architekten-jwr.de\/index.php?rest_route=\/wp\/v2\/pages\/88","targetHints":{"allow":["GET"]}}],"collection":[{"href":"https:\/\/www.architekten-jwr.de\/index.php?rest_route=\/wp\/v2\/pages"}],"about":[{"href":"https:\/\/www.architekten-jwr.de\/index.php?rest_route=\/wp\/v2\/types\/page"}],"author":[{"embeddable":true,"href":"https:\/\/www.architekten-jwr.de\/index.php?rest_route=\/wp\/v2\/users\/1"}],"replies":[{"embeddable":true,"href":"https:\/\/www.architekten-jwr.de\/index.php?rest_route=%2Fwp%2Fv2%2Fcomments&post=88"}],"version-history":[{"count":2,"href":"https:\/\/www.architekten-jwr.de\/index.php?rest_route=\/wp\/v2\/pages\/88\/revisions"}],"predecessor-version":[{"id":101,"href":"https:\/\/www.architekten-jwr.de\/index.php?rest_route=\/wp\/v2\/pages\/88\/revisions\/101"}],"wp:attachment":[{"href":"https:\/\/www.architekten-jwr.de\/index.php?rest_route=%2Fwp%2Fv2%2Fmedia&parent=88"}],"curies":[{"name":"wp","href":"https:\/\/api.w.org\/{rel}","templated":true}]}}