{"id":17,"date":"2019-09-02T13:33:10","date_gmt":"2019-09-02T13:33:10","guid":{"rendered":"http:\/\/demo.architekten-jwr.de\/?page_id=17"},"modified":"2020-06-16T12:05:45","modified_gmt":"2020-06-16T10:05:45","slug":"karriere","status":"publish","type":"page","link":"https:\/\/www.architekten-jwr.de\/?page_id=17","title":{"rendered":"Karriere"},"content":{"rendered":"\n<p>Zur Zeit sind keine Stellen zu besetzen.<\/p>\n\n\n\n<p>Sollten Sie uns dennoch eine Bewerbung zukommen lassen, werden wir Ihnen diese nicht zur\u00fcck senden k\u00f6nnen. <\/p>\n\n\n\n<p><\/p>\n\n\n\n<h4 class=\"wp-block-heading\">Praktikum<\/h4>\n\n\n\n<p>Wir stehen in der Verantwortung auch gegen\u00fcber dem beruflichen Nachwuchs. Wer im Rahmen eines Schulpraktikums den Alltag in einem Architekturb\u00fcro kennen lernen will, oder seine an der Hochschule gewonnenen Erfahrungen festigen will, kann dies gerne in unserem B\u00fcro tun.<br><\/p>\n\n\n\n<p>Wir bieten regelm\u00e4\u00dfig Praktikumspl\u00e4tze f\u00fcr ein Schul-, oder Studienpraktikum an.<\/p>\n","protected":false},"excerpt":{"rendered":"<p class=\"qua-blog-post-description\">Zur Zeit sind keine Stellen zu besetzen. Sollten Sie uns dennoch eine Bewerbung zukommen lassen, werden wir Ihnen diese nicht zur\u00fcck senden k\u00f6nnen. Praktikum Wir stehen in der Verantwortung auch gegen\u00fcber dem beruflichen Nachwuchs. Wer im Rahmen eines Schulpraktikums den Alltag in einem Architekturb\u00fcro kennen lernen will, oder seine an der Hochschule gewonnenen Erfahrungen festigen [&hellip;]<\/p>\n","protected":false},"author":1,"featured_media":0,"parent":0,"menu_order":0,"comment_status":"closed","ping_status":"closed","template":"","meta":{"footnotes":""},"class_list":["post-17","page","type-page","status-publish","hentry"],"_links":{"self":[{"href":"https:\/\/www.architekten-jwr.de\/index.php?rest_route=\/wp\/v2\/pages\/17","targetHints":{"allow":["GET"]}}],"collection":[{"href":"https:\/\/www.architekten-jwr.de\/index.php?rest_route=\/wp\/v2\/pages"}],"about":[{"href":"https:\/\/www.architekten-jwr.de\/index.php?rest_route=\/wp\/v2\/types\/page"}],"author":[{"embeddable":true,"href":"https:\/\/www.architekten-jwr.de\/index.php?rest_route=\/wp\/v2\/users\/1"}],"replies":[{"embeddable":true,"href":"https:\/\/www.architekten-jwr.de\/index.php?rest_route=%2Fwp%2Fv2%2Fcomments&post=17"}],"version-history":[{"count":3,"href":"https:\/\/www.architekten-jwr.de\/index.php?rest_route=\/wp\/v2\/pages\/17\/revisions"}],"predecessor-version":[{"id":371,"href":"https:\/\/www.architekten-jwr.de\/index.php?rest_route=\/wp\/v2\/pages\/17\/revisions\/371"}],"wp:attachment":[{"href":"https:\/\/www.architekten-jwr.de\/index.php?rest_route=%2Fwp%2Fv2%2Fmedia&parent=17"}],"curies":[{"name":"wp","href":"https:\/\/api.w.org\/{rel}","templated":true}]}}

<p>Zur Zeit sind keine Stellen zu besetzen.</p>



<p>Sollten Sie uns dennoch eine Bewerbung zukommen lassen, werden wir Ihnen diese nicht zurück senden können. </p>



<p></p>



<h4 class="wp-block-heading">Praktikum</h4>



<p>Wir stehen in der Verantwortung auch gegenüber dem beruflichen Nachwuchs. Wer im Rahmen eines Schulpraktikums den Alltag in einem Architekturbüro kennen lernen will, oder seine an der Hochschule gewonnenen Erfahrungen festigen will, kann dies gerne in unserem Büro tun.<br></p>



<p>Wir bieten regelmäßig Praktikumsplätze für ein Schul-, oder Studienpraktikum an.</p>

<p class="qua-blog-post-description">Zur Zeit sind keine Stellen zu besetzen. Sollten Sie uns dennoch eine Bewerbung zukommen lassen, werden wir Ihnen diese nicht zurück senden können. Praktikum Wir stehen in der Verantwortung auch gegenüber dem beruflichen Nachwuchs. Wer im Rahmen eines Schulpraktikums den Alltag in einem Architekturbüro kennen lernen will, oder seine an der Hochschule gewonnenen Erfahrungen festigen [&hellip;]</p>
